e -5*u - 55 = 5*f, 0 + 41 = -5*f + 2*u. Let t = f + 14. Suppose -2*b - 3*b - 2*k = -431, t*k - 100 = -b. Is b a composite number?
True
Let u(w) = w**3 + 6*w**2 - 3*w - 4. Suppose -3*o - 2*o + 10 = 0. Suppose 11 = -l + s, -5*l + 3*l = o*s + 2. Is u(l) prime?
False
Let p(a) = -a**2 + 8*a - 3. Let g be p(7). Let m(y) = 7*y**2 - 4*y + 4. Let j be m(g). Let z = j + -17. Is z a composite number?
False
Let m(p) = -p**2 + 6*p - 1. Let h be m(3). Let g(z) = 2*z + 1 + z + 9. Is g(h) a composite number?
True
Let v = -1250 - -3289. Is v composite?
False
Let g(q) = q**3 - 4*q**2 + q - 4. Let d be g(4). Suppose d = 8*x - 9*x + 57. Is x a prime number?
False
Let u = -8 + 3. Let o = u - -6. Let m(g) = 66*g**3 + g**2 + g - 1. Is m(o) a prime number?
True
Let l be 2/(-2)*(-13 - 2). Is (-2 + -1)/(l/(-325)) a composite number?
True
Let r(q) = q**3 - 3*q**2 - 2*q + 4. Let h be r(3). Let m be (-1 - 299)*h/4. Suppose -4*x + 34 = -m. Is x composite?
True
Let w be 1/(2/162) + 1. Suppose -v = -4*b - 2*v + w, b - v = 23. Is (-318)/(-14) - (-6)/b prime?
True
Suppose -149 = 4*z - 5*z. Is z prime?
True
Suppose 5*t + 28 = 4*d, 3*d = 3*t + 7 + 11. Suppose -5*i - 4*y = -d*i - 861, -i = 2*y - 285. Is i composite?
True
Let n be 2/(-5) + (-2)/(-5). Let j = -3 - n. Is j/15 + 492/10 a composite number?
True
Let y(g) be the second derivative of 5*g**4/12 - 5*g**3/6 + g**2/2 - 2*g. Is y(-6) composite?
False
Suppose 0 = 4*i + 4*l - 1536, i - 3*i + 4*l = -738. Is i prime?
True
Is (-52)/4*-1 - 0 a composite number?
False
Let d be 3 - 12 - 1 - -2. Is (6 - -1) + 5 + d a prime number?
False
Suppose 3*s = 1729 - 256. Is s composite?
False
Let w = 4635 - 2302. Is w a composite number?
False
Suppose 2*h + 1 = -3*t, 0*t = -5*h + 4*t - 14. Is ((-2)/h)/((-1)/(-49)) a prime number?
False
Suppose -3*z + z = -4, -3*z + 2865 = 3*j. Is j prime?
True
Suppose z + 23 = -219. Let x = -429 - z. Let v = x - -348. Is v a prime number?
False
Let v be -3 - (-56*4)/(-2). Is v/(-6) + (-1)/6 a prime number?
True
Let p be (10/(-8))/(2/8). Let q(u) = u**2 + 6*u + 6. Let z be q(p). Is 4 - -6 - 0/z composite?
True
Let q(m) = -79*m + 30. Is q(-8) a composite number?
True
Suppose -4*g = 4*f - 3*f - 338, -4*g = 20. Let j = f + -119. Is j a prime number?
True
Suppose 0 = -3*q + 3*j + 16 + 191, 3*j = 2*q - 138. Suppose -8*d - q = -9*d. Is d a composite number?
True
Let q(h) = h**3 - h**2 + 1. Let y be q(2). Suppose -3*m = -2*o - 385, -o - 3*o = y*m - 627. Is m a composite number?
False
Let f = 286 + -595. Let x = f + 454. Is x composite?
True
Let a(t) = -75*t + 1. Let i be a(-3). Let p = -131 + i. Is p prime?
False
Let x(w) = 112*w + 1. Let s be x(-1). Let d = 148 - s. Is d composite?
True
Is 4 - (-234 + 3) - 2 a composite number?
False
Suppose 6*l = 11*l - 1455. Is l composite?
True
Let g = -1069 - -1700. Is g prime?
True
Let u(g) = -207*g**3 - 2*g**2 + 1. Let r be u(-1). Let w = 437 - r. Suppose -5*y = -0*y - d - w, -3*d = -2*y + 82. Is y a prime number?
True
Let r(u) = -91*u + 17. Let j be r(-8). Suppose 4*b + b = j. Is b a composite number?
False
Suppose -47 - 13 = -4*r. Is r a prime number?
False
Let s = 158 + -67. Is s a prime number?
False
Suppose 0 = -5*q + 6 + 14. Let c be (-1 - -1)*2/q. Suppose c = s - 0 - 4. Is s composite?
True
Let q be 1 + -1 - (-6)/2. Suppose -q*r = -4*z + 2*z + 109, 0 = -5*z - 5*r + 260. Is z prime?
True
Let n(f) = f**3 - 2*f**2 + 27*f - 5. Is n(12) a composite number?
False
Is 1745 + -10 + (-4)/2 prime?
True
Suppose -5*z + 1610 + 4421 = -4*p, 0 = 4*z - 2*p - 4826. Is z a composite number?
True
Suppose z = -s - 2*z + 7, -4*z = -5*s + 130. Is s a composite number?
True
Let d(r) = 823*r**2 - 1. Let t be d(1). Suppose 0 = 4*y + 4, -3*v = y + 70 - t. Is v a prime number?
True
Let w = -114 - -35. Let b = w - -156. Is b prime?
False
Suppose 0 = -2*c + 7*c + 5*j + 85, 0 = j - 3. Let l(b) = b**3 + 8*b**2 - 11*b - 13. Let h be l(-8). Let z = h + c. Is z prime?
False
Let n be ((3 - 4)*-3)/1. Suppose 2*l + n*z = l + 3, z = 5*l + 1. Suppose l = 3*g + 2*o - 111, 2*o = 4*g + o - 159. Is g composite?
True
Suppose 5*h + 2*i = 16, 5*i + 14 = h - 0*h. Suppose 2*y - h*y = -734. Is y a composite number?
False
Suppose -5*c + 0*c + 2*r = -555, c - 5*r - 111 = 0. Is c a composite number?
True
Let f = -6 + 4. Is (f/(-4))/(5/2210) a prime number?
False
Suppose 5*x + 7 = -8. Let h(i) = -109*i - 2. Let z(y) = 219*y + 5. Let l(a) = x*z(a) - 7*h(a). Is l(2) composite?
False
Suppose 4*u = 4*f + 2*u - 640, 0 = -3*f + u + 481. Is f a prime number?
False
Suppose 0 = 2*b + 2. Let l(v) = 93*v**2 - v - 1. Let d be l(b). Let j = d + 56. Is j a prime number?
True
Is (-2 - -3)/(2/902) a prime number?
False
Let c(q) = 74*q - 4. Let t be c(5). Is 1/(-4) + t/24 a prime number?
False
Let a(z) = -z - 5. Let x be a(-10). Let r = x - 3. Suppose m - 71 = 3*i, 2*i - 35 - 123 = -r*m. Is m a composite number?
True
Suppose 5*x + 27270 = 2*x. Is 8/(-44) + x/(-22) a prime number?
False
Let s(l) = -l**3 - l - 21. Let d be s(0). Let j = d - -35. Is j prime?
False
Suppose 5*x = -0*x - 70. Let z = x + 141. Is z a composite number?
False
Let a(y) = -10*y**3 - 8*y**2 - 5*y + 7. Let r be a(-5). Suppose r = 2*l + 5*p, -2*p - 2164 = -6*l + 2*l. Is l prime?
True
Let r = 551 + -357. Is r a prime number?
False
Let x(p) be the third derivative of 0 + 4*p**2 - 1/6*p**3 - 7/6*p**4 + 0*p. Is x(-8) composite?
False
Suppose 2*w - 7*w = 4*i + 255, 5*i + 322 = -3*w. Let h = i + 118. Is h prime?
True
Let n = 0 + 3. Suppose 3*z + n*t - t - 13 = 0, -4*z - 4*t + 12 = 0. Let f = z + 0. Is f a prime number?
True
Let d = 4 + -5. Let v = 12 + d. Is v a composite number?
False
Suppose -t - 2 = -49. Is t prime?
True
Suppose -2*l - 15 = -5*i, 0*i + 3*l = 3*i - 9. Suppose -i*d = 3*o + 24, 3*o = 3*d - 14 + 44. Let j(r) = -17*r + 10. Is j(d) a prime number?
True
Let i be ((-46)/(-10) - -1)*-20. Let v be ((-14)/1)/((-4)/(-66)). Let j = i - v. Is j a composite number?
True
Let v(k) = -94*k - 3. Let f be v(9). Let i = -586 - f. Is i a prime number?
True
Let j be (-3)/(-9) - (-8)/3. Suppose 5*f - 1053 = z, z + j*z = 5*f - 1047. Is f a prime number?
True
Let c = 19 - 32. Let d(u) = -u**2 - 9*u - 9. Let w be d(-8). Is w + 1 + (2 - c) a composite number?
True
Suppose -2*n + 4*d = d - 721, -4*n - 3*d + 1433 = 0. Is n composite?
False
Suppose -4*r + 0*r = l - 3201, 5*r = -5*l + 4020. Is r a prime number?
False
Suppose -2*j = 55 - 121. Is j prime?
False
Let k = 2052 - 997. Is k composite?
True
Let n(l) = l**3 + 9*l**2 - 5*l - 9. Is n(-4) a composite number?
True
Suppose -44 = -d - 2*c + 4*c, -226 = -5*d + 4*c. Is d composite?
True
Is (-224 + -2)/((10/7)/(-5)) composite?
True
Is (2 - (0 + -3)) + 126 a prime number?
True
Let d(t) = t**3 + 14*t**2 + 11*t - 13. Is d(-9) prime?
True
Let c(z) = 11*z - 10. Let b(t) = -34*t + 30. Let q(l) = -5*b(l) - 16*c(l). Let s(n) = 3*n - 5. Let r(p) = 3*q(p) + 5*s(p). Is r(-6) prime?
True
Is ((-8)/24)/((-1)/609) prime?
False
Let z(c) = -19*c**3 - 2*c**2 + 2. Let b = 12 + -15. Is z(b) prime?
False
Suppose 381 = -r + 4*r. Is r composite?
False
Let c(y) = -50*y + 4. Let u be c(3). Let g = u + 59. Is (-1)/2 - g/6 a composite number?
True
Let m(z) = z**3 + 12*z**2 + 3*z + 13. Let k be m(-10). Let r = k + -100. Is r composite?
False
Let y = -561 - -860. Is y composite?
True
Let j(l) = l + 2. Let z(v) = v**3 - v - 4. Let p be z(0). Let w be j(p). Is (-140)/(-5) + w*1 prime?
False
Suppose 0 = -5*l - 2*y + 551, 2*l - 4*y - 64 = 166. Is l composite?
True
Let z(k) be the second derivative of -7*k**3 + k**2/2 - 3*k. Is z(-9) a composite number?
False
Let i(s) be the first derivative of 17*s**4/4 - s**3/3 - 3*s**2/2 + 3*s - 1. Suppose 2*u = 3*q - 0*u, 5*q - 4*u = -2. Is i(q) composite?
True
Suppose -4*a + 2320 = -2*h, -h - 837 = -a - 258. Is a a prime number?
False
Suppose 0 = 5*b - 5, -b + 2 - 3 = 2*w. Let g(f) = -2*f - 13. Let t(c) = c. Let m(z) = w*g(z) - 4*t(z). Is m(-9) composite?
False
Suppose k + 2*k = 504. Let y = k - 44. Let o = 79 + y. Is o prime?
False
Let x(j) = j**3 - 5*j**2 + 3*j + 5. Let k be x(4). Let p = k + -1. Let s(n) = -n + 37. Is s(p) a composite number?
False
Let b be (-1)/((-1)/3)*15. Let o(h) = -h**2 + 4*h - 5. Let k be o(7). Let z = b + k. Is z a prime number?
True
Let o = 8 + -5. Suppose -4*s + 107 - 448 = -o*j, -s + 231 = 2*j. Suppos